{"id":48,"date":"2018-11-13T13:45:18","date_gmt":"2018-11-13T13:45:18","guid":{"rendered":"https:\/\/themes.getmotopress.com\/palmeria\/?page_id=48"},"modified":"2026-04-09T12:49:20","modified_gmt":"2026-04-09T10:49:20","slug":"pourquoi-choisir-la-demeure-dothe","status":"publish","type":"page","link":"https:\/\/lademeuredothe.family\/index.php\/bienvenu-a-la-demeure-dothe\/pourquoi-choisir-la-demeure-dothe\/","title":{"rendered":"Pourquoi choisir La Demeure d&rsquo;Othe"},"content":{"rendered":"\n<p>Nous avons d\u00e9cid\u00e9 de ne pas modifier nos prix pour cette nouvelle saison, et ainsi de conserver notre tarification 2025, tout en <a href=\"https:\/\/lademeuredothe.family\/index.php\/les-chambres-dhotes-2\/les-nouveautes-2024\/\" data-type=\"page\" data-id=\"2183\">enrichissant nos am\u00e9nagements<\/a>. Alors n&rsquo;h\u00e9sitez pas, profiter de notre belle demeure pour vous reposer, pour vous retrouver au calme, pour vous retrouver entre amis, en famille &#8230;<\/p>\n\n\n\n<p>Situ\u00e9e \u00e0 la lisi\u00e8re du Pays d\u2019Othe, entre for\u00eat et cultures, \u00e0 la crois\u00e9e de 3 vignobles (Chablis, Auxerrois, Champagne), la Demeure d\u2019Othe vous accueille avec ses 5 chambres (SdB et WC), dont 2 grandes chambres familiales. Vous pourrez ainsi profiter de sa piscine couverte et chauff\u00e9e (de mi-avril \u00e0 mi-octobre), de son grand jardin arbor\u00e9 avec aire de jeux pour enfants, mur d\u2019escalade, petite maison en bois&#8230;, de ses 4 terrasses pour un \u00e9ventuel pique-nique.<\/p>\n\n\n\n<figure class=\"wp-block-video\"><video height=\"1080\" style=\"aspect-ratio: 1920 \/ 1080;\" width=\"1920\" controls poster=\"https:\/\/lademeuredothe.family\/wp-content\/uploads\/2023\/10\/IMG_2326_1-scaled.jpg\" src=\"https:\/\/lademeuredothe.family\/wp-content\/uploads\/2023\/02\/Sormery-V2-mp4.mp4\"><\/video><\/figure>\n\n\n\n<div class=\"wp-block-columns is-layout-flex wp-container-core-columns-is-layout-9d6595d7 wp-block-columns-is-layout-flex\">\n<div class=\"wp-block-column is-layout-flow wp-block-column-is-layout-flow\">\n<figure class=\"wp-block-image size-large\"><img loading=\"lazy\" decoding=\"async\" width=\"1024\" height=\"768\" src=\"https:\/\/lademeuredothe.family\/wp-content\/uploads\/2026\/04\/240402-PS-FamilYonne-La-Demeure-dOthe-sa-pisicne-son-aire-de-jeux-adaptee-au-site-1024x768.jpg\" alt=\"\" class=\"wp-image-3084\" srcset=\"https:\/\/lademeuredothe.family\/wp-content\/uploads\/2026\/04\/240402-PS-FamilYonne-La-Demeure-dOthe-sa-pisicne-son-aire-de-jeux-adaptee-au-site-1024x768.jpg 1024w, https:\/\/lademeuredothe.family\/wp-content\/uploads\/2026\/04\/240402-PS-FamilYonne-La-Demeure-dOthe-sa-pisicne-son-aire-de-jeux-adaptee-au-site-300x225.jpg 300w, https:\/\/lademeuredothe.family\/wp-content\/uploads\/2026\/04\/240402-PS-FamilYonne-La-Demeure-dOthe-sa-pisicne-son-aire-de-jeux-adaptee-au-site-768x576.jpg 768w, https:\/\/lademeuredothe.family\/wp-content\/uploads\/2026\/04\/240402-PS-FamilYonne-La-Demeure-dOthe-sa-pisicne-son-aire-de-jeux-adaptee-au-site-1536x1152.jpg 1536w, https:\/\/lademeuredothe.family\/wp-content\/uploads\/2026\/04\/240402-PS-FamilYonne-La-Demeure-dOthe-sa-pisicne-son-aire-de-jeux-adaptee-au-site-2048x1536.jpg 2048w, https:\/\/lademeuredothe.family\/wp-content\/uploads\/2026\/04\/240402-PS-FamilYonne-La-Demeure-dOthe-sa-pisicne-son-aire-de-jeux-adaptee-au-site-892x669.jpg 892w\" sizes=\"auto, (max-width: 1024px) 100vw, 1024px\" \/><figcaption class=\"wp-element-caption\">La Demeure d&rsquo;Othe : entr\u00e9e principale<\/figcaption><\/figure>\n<\/div>\n\n\n\n<div class=\"wp-block-column is-layout-flow wp-block-column-is-layout-flow\">\n<figure class=\"wp-block-video\"><video height=\"850\" style=\"aspect-ratio: 478 \/ 850;\" width=\"478\" controls poster=\"https:\/\/lademeuredothe.family\/wp-content\/uploads\/2023\/05\/230511-Charlotte-Maison-vue-du-cognassier.jpg\" src=\"https:\/\/lademeuredothe.family\/wp-content\/uploads\/2026\/04\/260409-Manon-Le-jardin.mp4\"><\/video><\/figure>\n<\/div>\n<\/div>\n\n\n\n<div class=\"wp-block-columns is-layout-flex wp-container-core-columns-is-layout-9d6595d7 wp-block-columns-is-layout-flex\">\n<div class=\"wp-block-column is-layout-flow wp-block-column-is-layout-flow\">\n<figure class=\"wp-block-image size-large\"><img loading=\"lazy\" decoding=\"async\" width=\"1024\" height=\"473\" src=\"https:\/\/lademeuredothe.family\/wp-content\/uploads\/2023\/04\/230427-Piscine-de-face-avec-chaise-longue--1024x473.jpg\" alt=\"\" class=\"wp-image-1768\" srcset=\"https:\/\/lademeuredothe.family\/wp-content\/uploads\/2023\/04\/230427-Piscine-de-face-avec-chaise-longue--1024x473.jpg 1024w, https:\/\/lademeuredothe.family\/wp-content\/uploads\/2023\/04\/230427-Piscine-de-face-avec-chaise-longue--300x139.jpg 300w, https:\/\/lademeuredothe.family\/wp-content\/uploads\/2023\/04\/230427-Piscine-de-face-avec-chaise-longue--768x355.jpg 768w, https:\/\/lademeuredothe.family\/wp-content\/uploads\/2023\/04\/230427-Piscine-de-face-avec-chaise-longue--1536x710.jpg 1536w, https:\/\/lademeuredothe.family\/wp-content\/uploads\/2023\/04\/230427-Piscine-de-face-avec-chaise-longue--892x412.jpg 892w, https:\/\/lademeuredothe.family\/wp-content\/uploads\/2023\/04\/230427-Piscine-de-face-avec-chaise-longue-.jpg 2000w\" sizes=\"auto, (max-width: 1024px) 100vw, 1024px\" \/><figcaption class=\"wp-element-caption\">Prendre un bain de soleil face \u00e0 la piscine ou sur les plages int\u00e9rieures<\/figcaption><\/figure>\n<\/div>\n\n\n\n<div class=\"wp-block-column is-layout-flow wp-block-column-is-layout-flow\">\n<figure class=\"wp-block-image size-full\"><img loading=\"lazy\" decoding=\"async\" width=\"1024\" height=\"768\" src=\"https:\/\/lademeuredothe.family\/wp-content\/uploads\/2023\/04\/230427-Piscine-toute-longueur-avec-chaise-longue-de-3-quart.jpg\" alt=\"\" class=\"wp-image-1766\" srcset=\"https:\/\/lademeuredothe.family\/wp-content\/uploads\/2023\/04\/230427-Piscine-toute-longueur-avec-chaise-longue-de-3-quart.jpg 1024w, https:\/\/lademeuredothe.family\/wp-content\/uploads\/2023\/04\/230427-Piscine-toute-longueur-avec-chaise-longue-de-3-quart-300x225.jpg 300w, https:\/\/lademeuredothe.family\/wp-content\/uploads\/2023\/04\/230427-Piscine-toute-longueur-avec-chaise-longue-de-3-quart-768x576.jpg 768w, https:\/\/lademeuredothe.family\/wp-content\/uploads\/2023\/04\/230427-Piscine-toute-longueur-avec-chaise-longue-de-3-quart-892x669.jpg 892w\" sizes=\"auto, (max-width: 1024px) 100vw, 1024px\" \/><figcaption class=\"wp-element-caption\">La piscine ouverte (1 panneau)<\/figcaption><\/figure>\n<\/div>\n<\/div>\n\n\n\n<div class=\"wp-block-columns is-layout-flex wp-container-core-columns-is-layout-9d6595d7 wp-block-columns-is-layout-flex\">\n<div class=\"wp-block-column is-layout-flow wp-block-column-is-layout-flow\">\n<figure class=\"wp-block-image size-full\"><img loading=\"lazy\" decoding=\"async\" width=\"739\" height=\"1001\" src=\"https:\/\/lademeuredothe.family\/wp-content\/uploads\/2023\/04\/230427-Piscine-avec-chaise-longue-et-terrasses-2-recentree.jpg\" alt=\"\" class=\"wp-image-1767\" srcset=\"https:\/\/lademeuredothe.family\/wp-content\/uploads\/2023\/04\/230427-Piscine-avec-chaise-longue-et-terrasses-2-recentree.jpg 739w, https:\/\/lademeuredothe.family\/wp-content\/uploads\/2023\/04\/230427-Piscine-avec-chaise-longue-et-terrasses-2-recentree-221x300.jpg 221w\" sizes=\"auto, (max-width: 739px) 100vw, 739px\" \/><figcaption class=\"wp-element-caption\">La terrasse pour go\u00fbter sur la gauche, le coin salon au fond, la terrasse couverte au fond \u00e0 gauche, la pisicne \u00e0 droite : tout pour se faire plaisir <\/figcaption><\/figure>\n<\/div>\n\n\n\n<div class=\"wp-block-column is-layout-flow wp-block-column-is-layout-flow\">\n<figure class=\"wp-block-image size-large\"><img loading=\"lazy\" decoding=\"async\" width=\"1024\" height=\"473\" src=\"https:\/\/lademeuredothe.family\/wp-content\/uploads\/2023\/04\/230427-Terrasse-sous-noisetier-depuis-terrasse-couverte-et-piscine-1024x473.jpg\" alt=\"\" class=\"wp-image-1765\" srcset=\"https:\/\/lademeuredothe.family\/wp-content\/uploads\/2023\/04\/230427-Terrasse-sous-noisetier-depuis-terrasse-couverte-et-piscine-1024x473.jpg 1024w, https:\/\/lademeuredothe.family\/wp-content\/uploads\/2023\/04\/230427-Terrasse-sous-noisetier-depuis-terrasse-couverte-et-piscine-300x139.jpg 300w, https:\/\/lademeuredothe.family\/wp-content\/uploads\/2023\/04\/230427-Terrasse-sous-noisetier-depuis-terrasse-couverte-et-piscine-768x355.jpg 768w, https:\/\/lademeuredothe.family\/wp-content\/uploads\/2023\/04\/230427-Terrasse-sous-noisetier-depuis-terrasse-couverte-et-piscine-1536x709.jpg 1536w, https:\/\/lademeuredothe.family\/wp-content\/uploads\/2023\/04\/230427-Terrasse-sous-noisetier-depuis-terrasse-couverte-et-piscine-892x412.jpg 892w, https:\/\/lademeuredothe.family\/wp-content\/uploads\/2023\/04\/230427-Terrasse-sous-noisetier-depuis-terrasse-couverte-et-piscine.jpg 1600w\" sizes=\"auto, (max-width: 1024px) 100vw, 1024px\" \/><figcaption class=\"wp-element-caption\">Le coin salon sous le noisetier entre la piscine et la terrasse couverte<\/figcaption><\/figure>\n<\/div>\n<\/div>\n\n\n\n<div class=\"wp-block-columns is-layout-flex wp-container-core-columns-is-layout-9d6595d7 wp-block-columns-is-layout-flex\">\n<div class=\"wp-block-column is-layout-flow wp-block-column-is-layout-flow\" style=\"flex-basis:50%\">\n<figure class=\"wp-block-image size-large\"><img loading=\"lazy\" decoding=\"async\" width=\"1024\" height=\"768\" src=\"https:\/\/lademeuredothe.family\/wp-content\/uploads\/2024\/03\/P1010129-1024x768.jpg\" alt=\"\" class=\"wp-image-2366\" srcset=\"https:\/\/lademeuredothe.family\/wp-content\/uploads\/2024\/03\/P1010129-1024x768.jpg 1024w, https:\/\/lademeuredothe.family\/wp-content\/uploads\/2024\/03\/P1010129-300x225.jpg 300w, https:\/\/lademeuredothe.family\/wp-content\/uploads\/2024\/03\/P1010129-768x576.jpg 768w, https:\/\/lademeuredothe.family\/wp-content\/uploads\/2024\/03\/P1010129-1536x1152.jpg 1536w, https:\/\/lademeuredothe.family\/wp-content\/uploads\/2024\/03\/P1010129-2048x1536.jpg 2048w, https:\/\/lademeuredothe.family\/wp-content\/uploads\/2024\/03\/P1010129-892x669.jpg 892w\" sizes=\"auto, (max-width: 1024px) 100vw, 1024px\" \/><figcaption class=\"wp-element-caption\">L&rsquo;aire de jeux pour enfants<\/figcaption><\/figure>\n<\/div>\n\n\n\n<div class=\"wp-block-column is-layout-flow wp-block-column-is-layout-flow\" style=\"flex-basis:50%\"><\/div>\n<\/div>\n\n\n\n<p><\/p>\n\n\n\n<p>Pour en savoir plus sur les chambres et les \u00e9quipements int\u00e9rieurs suivez ce <a href=\"https:\/\/lademeuredothe.family\/index.php\/les-chambres-et-equipements-interieurs\/\" data-type=\"URL\" data-id=\"https:\/\/lademeuredothe.family\/index.php\/les-chambres-et-equipements-interieurs\/\" target=\"_blank\" rel=\"noreferrer noopener\">lien <\/a>. Si par contre vous \u00eates int\u00e9ress\u00e9s par l&rsquo;ext\u00e9rieur de La Demeure d&rsquo;Othe, faites en le tour en cliquant <a href=\"https:\/\/lademeuredothe.family\/index.php\/les-amenagements-exterieurs\/\" data-type=\"URL\" data-id=\"https:\/\/lademeuredothe.family\/index.php\/les-amenagements-exterieurs\/\" target=\"_blank\" rel=\"noreferrer noopener\">ici<\/a>. Enfin, si vous voulez en savoir plus sur le confort int\u00e9rieur, voici <a href=\"https:\/\/lademeuredothe.family\/index.php\/les-equipements-pour-votre-confort\/\" data-type=\"URL\" data-id=\"https:\/\/lademeuredothe.family\/index.php\/les-equipements-pour-votre-confort\/\" target=\"_blank\" rel=\"noreferrer noopener\">quelques informations<\/a>. <\/p>\n\n\n\n<p>Une autre raison de choisir La Demeure d&rsquo;Othe est le souci de Christine et Patrick de respecter la Maison et l&rsquo;environnement tout en vous apportant un confort et une atmosph\u00e8re agr\u00e9able :<\/p>\n\n\n\n<ul class=\"wp-block-list\">\n<li>r\u00e9novation des fen\u00eatres et volets (29 ouvrants r\u00e9nov\u00e9s),<\/li>\n\n\n\n<li>utilisation de la g\u00e9othermie (horizontale) pour chauffer la maison,<\/li>\n\n\n\n<li>mise en place d&rsquo;un d\u00f4me et d&rsquo;une pompe \u00e0 chaleur pour chauffer l&rsquo;eau de la piscine,<\/li>\n\n\n\n<li>mise en place d&rsquo;un r\u00e9cup\u00e9rateur d&rsquo;eau,<\/li>\n\n\n\n<li>fabrication de confitures et ou de desserts \u00e0 base des fruits du jardin (pommes, mirabelles, quetsche, mures, cerises, coings),<\/li>\n\n\n\n<li>&#8230;<\/li>\n<\/ul>\n\n\n\n<p>Vous avez un besoin particulier, vous souhaitez en savoir plus, <a href=\"https:\/\/lademeuredothe.family\/index.php\/contact\/nous-contacter\/\" data-type=\"URL\" data-id=\"https:\/\/lademeuredothe.family\/index.php\/contact\/nous-contacter\/\">contacter <\/a>Christine &amp; Patrick. Ils vous proposeront la meilleure solution pour vous permettre de passer : des moments agr\u00e9ables dans une ambiance conviviale et chaleureuse ; de d\u00e9couvrir et go\u00fbter aux plaisirs r\u00e9gionaux (fromages, vins, &#8230;) ; &#8230;<\/p>\n\n\n\n<p><\/p>\n","protected":false},"excerpt":{"rendered":"<p>Nous avons d\u00e9cid\u00e9 de ne pas modifier nos prix pour cette nouvelle saison, et ainsi de conserver notre tarification 2025, tout en enrichissant nos am\u00e9nagements. Alors n&rsquo;h\u00e9sitez pas, profiter de notre belle demeure pour vous reposer, pour vous retrouver au calme, pour vous retrouver entre amis, en famille &#8230; Situ\u00e9e \u00e0 la lisi\u00e8re du Pays [&hellip;]<\/p>\n","protected":false},"author":1,"featured_media":847,"parent":673,"menu_order":2,"comment_status":"closed","ping_status":"closed","template":"","meta":{"footnotes":""},"class_list":["post-48","page","type-page","status-publish","has-post-thumbnail","hentry"],"_links":{"self":[{"href":"https:\/\/lademeuredothe.family\/index.php\/wp-json\/wp\/v2\/pages\/48","targetHints":{"allow":["GET"]}}],"collection":[{"href":"https:\/\/lademeuredothe.family\/index.php\/wp-json\/wp\/v2\/pages"}],"about":[{"href":"https:\/\/lademeuredothe.family\/index.php\/wp-json\/wp\/v2\/types\/page"}],"author":[{"embeddable":true,"href":"https:\/\/lademeuredothe.family\/index.php\/wp-json\/wp\/v2\/users\/1"}],"replies":[{"embeddable":true,"href":"https:\/\/lademeuredothe.family\/index.php\/wp-json\/wp\/v2\/comments?post=48"}],"version-history":[{"count":49,"href":"https:\/\/lademeuredothe.family\/index.php\/wp-json\/wp\/v2\/pages\/48\/revisions"}],"predecessor-version":[{"id":3086,"href":"https:\/\/lademeuredothe.family\/index.php\/wp-json\/wp\/v2\/pages\/48\/revisions\/3086"}],"up":[{"embeddable":true,"href":"https:\/\/lademeuredothe.family\/index.php\/wp-json\/wp\/v2\/pages\/673"}],"wp:featuredmedia":[{"embeddable":true,"href":"https:\/\/lademeuredothe.family\/index.php\/wp-json\/wp\/v2\/media\/847"}],"wp:attachment":[{"href":"https:\/\/lademeuredothe.family\/index.php\/wp-json\/wp\/v2\/media?parent=48"}],"curies":[{"name":"wp","href":"https:\/\/api.w.org\/{rel}","templated":true}]}}