{"id":1709,"date":"2023-04-17T19:50:25","date_gmt":"2023-04-17T17:50:25","guid":{"rendered":"https:\/\/lademeuredothe.family\/?page_id=1709"},"modified":"2025-03-17T12:37:36","modified_gmt":"2025-03-17T11:37:36","slug":"la-chambre-le-masque","status":"publish","type":"page","link":"https:\/\/lademeuredothe.family\/index.php\/la-chambre-le-masque\/","title":{"rendered":"La chambre Le Masque"},"content":{"rendered":"\n<p>Cette grande chambre avec des lits jumeaux, situ\u00e9e au premier \u00e9tage, donne sur le jardin de la cour int\u00e9rieure :<\/p>\n\n\n<div class=\"wp-block-image is-resized is-style-rounded\">\n<figure class=\"aligncenter size-medium\"><img loading=\"lazy\" decoding=\"async\" width=\"300\" height=\"225\" src=\"https:\/\/lademeuredothe.family\/wp-content\/uploads\/2023\/02\/220912-Devant-Hippo-Girafe-de-profil-droit-20220817_143041-300x225.jpg\" alt=\"\" class=\"wp-image-1056\" srcset=\"https:\/\/lademeuredothe.family\/wp-content\/uploads\/2023\/02\/220912-Devant-Hippo-Girafe-de-profil-droit-20220817_143041-300x225.jpg 300w, https:\/\/lademeuredothe.family\/wp-content\/uploads\/2023\/02\/220912-Devant-Hippo-Girafe-de-profil-droit-20220817_143041-1024x768.jpg 1024w, https:\/\/lademeuredothe.family\/wp-content\/uploads\/2023\/02\/220912-Devant-Hippo-Girafe-de-profil-droit-20220817_143041-768x576.jpg 768w, https:\/\/lademeuredothe.family\/wp-content\/uploads\/2023\/02\/220912-Devant-Hippo-Girafe-de-profil-droit-20220817_143041-1536x1152.jpg 1536w, https:\/\/lademeuredothe.family\/wp-content\/uploads\/2023\/02\/220912-Devant-Hippo-Girafe-de-profil-droit-20220817_143041-2048x1536.jpg 2048w, https:\/\/lademeuredothe.family\/wp-content\/uploads\/2023\/02\/220912-Devant-Hippo-Girafe-de-profil-droit-20220817_143041-892x669.jpg 892w\" sizes=\"auto, (max-width: 300px) 100vw, 300px\" \/><\/figure>\n<\/div>\n\n\n<div class=\"wp-block-columns is-layout-flex wp-container-core-columns-is-layout-9d6595d7 wp-block-columns-is-layout-flex\">\n<div class=\"wp-block-column is-layout-flow wp-block-column-is-layout-flow\">\n<figure class=\"wp-block-image size-large\"><img loading=\"lazy\" decoding=\"async\" width=\"1024\" height=\"768\" src=\"https:\/\/lademeuredothe.family\/wp-content\/uploads\/2023\/04\/Photo-du-lit-chambre-masque-avec-contraste-1024x768.jpg\" alt=\"\" class=\"wp-image-1719\" srcset=\"https:\/\/lademeuredothe.family\/wp-content\/uploads\/2023\/04\/Photo-du-lit-chambre-masque-avec-contraste-1024x768.jpg 1024w, https:\/\/lademeuredothe.family\/wp-content\/uploads\/2023\/04\/Photo-du-lit-chambre-masque-avec-contraste-300x225.jpg 300w, https:\/\/lademeuredothe.family\/wp-content\/uploads\/2023\/04\/Photo-du-lit-chambre-masque-avec-contraste-768x576.jpg 768w, https:\/\/lademeuredothe.family\/wp-content\/uploads\/2023\/04\/Photo-du-lit-chambre-masque-avec-contraste-1536x1152.jpg 1536w, https:\/\/lademeuredothe.family\/wp-content\/uploads\/2023\/04\/Photo-du-lit-chambre-masque-avec-contraste-2048x1536.jpg 2048w, https:\/\/lademeuredothe.family\/wp-content\/uploads\/2023\/04\/Photo-du-lit-chambre-masque-avec-contraste-892x669.jpg 892w\" sizes=\"auto, (max-width: 1024px) 100vw, 1024px\" \/><figcaption class=\"wp-element-caption\">La chambre Le Masque<\/figcaption><\/figure>\n<\/div>\n\n\n\n<div class=\"wp-block-column is-layout-flow wp-block-column-is-layout-flow\">\n<figure class=\"wp-block-image size-large\"><img loading=\"lazy\" decoding=\"async\" width=\"1024\" height=\"768\" src=\"https:\/\/lademeuredothe.family\/wp-content\/uploads\/2025\/03\/Masque-lit-depuis-mur-face-1024x768.jpg\" alt=\"\" class=\"wp-image-2808\" srcset=\"https:\/\/lademeuredothe.family\/wp-content\/uploads\/2025\/03\/Masque-lit-depuis-mur-face-1024x768.jpg 1024w, https:\/\/lademeuredothe.family\/wp-content\/uploads\/2025\/03\/Masque-lit-depuis-mur-face-300x225.jpg 300w, https:\/\/lademeuredothe.family\/wp-content\/uploads\/2025\/03\/Masque-lit-depuis-mur-face-768x576.jpg 768w, https:\/\/lademeuredothe.family\/wp-content\/uploads\/2025\/03\/Masque-lit-depuis-mur-face-1536x1152.jpg 1536w, https:\/\/lademeuredothe.family\/wp-content\/uploads\/2025\/03\/Masque-lit-depuis-mur-face-892x669.jpg 892w, https:\/\/lademeuredothe.family\/wp-content\/uploads\/2025\/03\/Masque-lit-depuis-mur-face.jpg 2000w\" sizes=\"auto, (max-width: 1024px) 100vw, 1024px\" \/><figcaption class=\"wp-element-caption\">Avec les lits jumeaux<\/figcaption><\/figure>\n<\/div>\n\n\n\n<div class=\"wp-block-column is-layout-flow wp-block-column-is-layout-flow\">\n<figure class=\"wp-block-image size-large\"><img loading=\"lazy\" decoding=\"async\" width=\"1024\" height=\"768\" src=\"https:\/\/lademeuredothe.family\/wp-content\/uploads\/2023\/04\/Photo-detail-chambre-masque-1024x768.jpg\" alt=\"\" class=\"wp-image-1718\" srcset=\"https:\/\/lademeuredothe.family\/wp-content\/uploads\/2023\/04\/Photo-detail-chambre-masque-1024x768.jpg 1024w, https:\/\/lademeuredothe.family\/wp-content\/uploads\/2023\/04\/Photo-detail-chambre-masque-300x225.jpg 300w, https:\/\/lademeuredothe.family\/wp-content\/uploads\/2023\/04\/Photo-detail-chambre-masque-768x576.jpg 768w, https:\/\/lademeuredothe.family\/wp-content\/uploads\/2023\/04\/Photo-detail-chambre-masque-1536x1152.jpg 1536w, https:\/\/lademeuredothe.family\/wp-content\/uploads\/2023\/04\/Photo-detail-chambre-masque-2048x1536.jpg 2048w, https:\/\/lademeuredothe.family\/wp-content\/uploads\/2023\/04\/Photo-detail-chambre-masque-892x669.jpg 892w\" sizes=\"auto, (max-width: 1024px) 100vw, 1024px\" \/><figcaption class=\"wp-element-caption\">La table de chevet et les services <br>USB-C, 220V<\/figcaption><\/figure>\n<\/div>\n<\/div>\n\n\n\n<p><\/p>\n\n\n\n<div class=\"wp-block-columns is-layout-flex wp-container-core-columns-is-layout-9d6595d7 wp-block-columns-is-layout-flex\">\n<div class=\"wp-block-column is-layout-flow wp-block-column-is-layout-flow\">\n<figure class=\"wp-block-image size-large\"><img loading=\"lazy\" decoding=\"async\" width=\"1024\" height=\"1024\" src=\"https:\/\/lademeuredothe.family\/wp-content\/uploads\/2023\/04\/Photo-coin-pause-vue-horizontale-chambre-masque-1024x1024.jpg\" alt=\"\" class=\"wp-image-1717\" srcset=\"https:\/\/lademeuredothe.family\/wp-content\/uploads\/2023\/04\/Photo-coin-pause-vue-horizontale-chambre-masque-1024x1024.jpg 1024w, https:\/\/lademeuredothe.family\/wp-content\/uploads\/2023\/04\/Photo-coin-pause-vue-horizontale-chambre-masque-300x300.jpg 300w, https:\/\/lademeuredothe.family\/wp-content\/uploads\/2023\/04\/Photo-coin-pause-vue-horizontale-chambre-masque-150x150.jpg 150w, https:\/\/lademeuredothe.family\/wp-content\/uploads\/2023\/04\/Photo-coin-pause-vue-horizontale-chambre-masque-768x768.jpg 768w, https:\/\/lademeuredothe.family\/wp-content\/uploads\/2023\/04\/Photo-coin-pause-vue-horizontale-chambre-masque-1536x1536.jpg 1536w, https:\/\/lademeuredothe.family\/wp-content\/uploads\/2023\/04\/Photo-coin-pause-vue-horizontale-chambre-masque-892x892.jpg 892w, https:\/\/lademeuredothe.family\/wp-content\/uploads\/2023\/04\/Photo-coin-pause-vue-horizontale-chambre-masque.jpg 2048w\" sizes=\"auto, (max-width: 1024px) 100vw, 1024px\" \/><figcaption class=\"wp-element-caption\">Le coin salon<\/figcaption><\/figure>\n<\/div>\n\n\n\n<div class=\"wp-block-column is-layout-flow wp-block-column-is-layout-flow\">\n<figure class=\"wp-block-image size-large\"><img loading=\"lazy\" decoding=\"async\" width=\"1024\" height=\"1024\" src=\"https:\/\/lademeuredothe.family\/wp-content\/uploads\/2023\/04\/Vue-sur-le-lit-via-le-miroir-chambre-masque-1024x1024.jpg\" alt=\"\" class=\"wp-image-1723\" srcset=\"https:\/\/lademeuredothe.family\/wp-content\/uploads\/2023\/04\/Vue-sur-le-lit-via-le-miroir-chambre-masque-1024x1024.jpg 1024w, https:\/\/lademeuredothe.family\/wp-content\/uploads\/2023\/04\/Vue-sur-le-lit-via-le-miroir-chambre-masque-300x300.jpg 300w, https:\/\/lademeuredothe.family\/wp-content\/uploads\/2023\/04\/Vue-sur-le-lit-via-le-miroir-chambre-masque-150x150.jpg 150w, https:\/\/lademeuredothe.family\/wp-content\/uploads\/2023\/04\/Vue-sur-le-lit-via-le-miroir-chambre-masque-768x768.jpg 768w, https:\/\/lademeuredothe.family\/wp-content\/uploads\/2023\/04\/Vue-sur-le-lit-via-le-miroir-chambre-masque-1536x1536.jpg 1536w, https:\/\/lademeuredothe.family\/wp-content\/uploads\/2023\/04\/Vue-sur-le-lit-via-le-miroir-chambre-masque-892x892.jpg 892w, https:\/\/lademeuredothe.family\/wp-content\/uploads\/2023\/04\/Vue-sur-le-lit-via-le-miroir-chambre-masque.jpg 2048w\" sizes=\"auto, (max-width: 1024px) 100vw, 1024px\" \/><figcaption class=\"wp-element-caption\">Un miroir entre les 2 fen\u00eatres<\/figcaption><\/figure>\n<\/div>\n\n\n\n<div class=\"wp-block-column is-layout-flow wp-block-column-is-layout-flow\">\n<figure class=\"wp-block-image size-large\"><img loading=\"lazy\" decoding=\"async\" width=\"1024\" height=\"1024\" src=\"https:\/\/lademeuredothe.family\/wp-content\/uploads\/2023\/04\/Photo-le-masque-chambre-masque-1024x1024.jpg\" alt=\"\" class=\"wp-image-1721\" srcset=\"https:\/\/lademeuredothe.family\/wp-content\/uploads\/2023\/04\/Photo-le-masque-chambre-masque-1024x1024.jpg 1024w, https:\/\/lademeuredothe.family\/wp-content\/uploads\/2023\/04\/Photo-le-masque-chambre-masque-300x300.jpg 300w, https:\/\/lademeuredothe.family\/wp-content\/uploads\/2023\/04\/Photo-le-masque-chambre-masque-150x150.jpg 150w, https:\/\/lademeuredothe.family\/wp-content\/uploads\/2023\/04\/Photo-le-masque-chambre-masque-768x768.jpg 768w, https:\/\/lademeuredothe.family\/wp-content\/uploads\/2023\/04\/Photo-le-masque-chambre-masque-1536x1536.jpg 1536w, https:\/\/lademeuredothe.family\/wp-content\/uploads\/2023\/04\/Photo-le-masque-chambre-masque-892x892.jpg 892w, https:\/\/lademeuredothe.family\/wp-content\/uploads\/2023\/04\/Photo-le-masque-chambre-masque.jpg 2048w\" sizes=\"auto, (max-width: 1024px) 100vw, 1024px\" \/><figcaption class=\"wp-element-caption\">Notre masque<\/figcaption><\/figure>\n<\/div>\n<\/div>\n\n\n\n<p><\/p>\n\n\n\n<div class=\"wp-block-columns is-layout-flex wp-container-core-columns-is-layout-9d6595d7 wp-block-columns-is-layout-flex\">\n<div class=\"wp-block-column is-layout-flow wp-block-column-is-layout-flow\">\n<figure class=\"wp-block-image size-large\"><img loading=\"lazy\" decoding=\"async\" width=\"1024\" height=\"1024\" src=\"https:\/\/lademeuredothe.family\/wp-content\/uploads\/2023\/04\/Photo-interieur-salle-de-douche-chambre-masque-1024x1024.jpg\" alt=\"\" class=\"wp-image-1720\" srcset=\"https:\/\/lademeuredothe.family\/wp-content\/uploads\/2023\/04\/Photo-interieur-salle-de-douche-chambre-masque-1024x1024.jpg 1024w, https:\/\/lademeuredothe.family\/wp-content\/uploads\/2023\/04\/Photo-interieur-salle-de-douche-chambre-masque-300x300.jpg 300w, https:\/\/lademeuredothe.family\/wp-content\/uploads\/2023\/04\/Photo-interieur-salle-de-douche-chambre-masque-150x150.jpg 150w, https:\/\/lademeuredothe.family\/wp-content\/uploads\/2023\/04\/Photo-interieur-salle-de-douche-chambre-masque-768x768.jpg 768w, https:\/\/lademeuredothe.family\/wp-content\/uploads\/2023\/04\/Photo-interieur-salle-de-douche-chambre-masque-1536x1536.jpg 1536w, https:\/\/lademeuredothe.family\/wp-content\/uploads\/2023\/04\/Photo-interieur-salle-de-douche-chambre-masque-892x892.jpg 892w, https:\/\/lademeuredothe.family\/wp-content\/uploads\/2023\/04\/Photo-interieur-salle-de-douche-chambre-masque.jpg 2048w\" sizes=\"auto, (max-width: 1024px) 100vw, 1024px\" \/><figcaption class=\"wp-element-caption\">La salle de bains<\/figcaption><\/figure>\n<\/div>\n\n\n\n<div class=\"wp-block-column is-layout-flow wp-block-column-is-layout-flow\">\n<figure class=\"wp-block-image size-large\"><img loading=\"lazy\" decoding=\"async\" width=\"1024\" height=\"1024\" src=\"https:\/\/lademeuredothe.family\/wp-content\/uploads\/2023\/04\/Photo-salle-de-douche-chambre-masque-1024x1024.jpg\" alt=\"\" class=\"wp-image-1722\" srcset=\"https:\/\/lademeuredothe.family\/wp-content\/uploads\/2023\/04\/Photo-salle-de-douche-chambre-masque-1024x1024.jpg 1024w, https:\/\/lademeuredothe.family\/wp-content\/uploads\/2023\/04\/Photo-salle-de-douche-chambre-masque-300x300.jpg 300w, https:\/\/lademeuredothe.family\/wp-content\/uploads\/2023\/04\/Photo-salle-de-douche-chambre-masque-150x150.jpg 150w, https:\/\/lademeuredothe.family\/wp-content\/uploads\/2023\/04\/Photo-salle-de-douche-chambre-masque-768x768.jpg 768w, https:\/\/lademeuredothe.family\/wp-content\/uploads\/2023\/04\/Photo-salle-de-douche-chambre-masque-1536x1536.jpg 1536w, https:\/\/lademeuredothe.family\/wp-content\/uploads\/2023\/04\/Photo-salle-de-douche-chambre-masque-892x892.jpg 892w, https:\/\/lademeuredothe.family\/wp-content\/uploads\/2023\/04\/Photo-salle-de-douche-chambre-masque.jpg 2048w\" sizes=\"auto, (max-width: 1024px) 100vw, 1024px\" \/><figcaption class=\"wp-element-caption\">Lavabo, porte-manteaux, meuble<\/figcaption><\/figure>\n<\/div>\n\n\n\n<div class=\"wp-block-column is-layout-flow wp-block-column-is-layout-flow\">\n<figure class=\"wp-block-image size-large\"><img loading=\"lazy\" decoding=\"async\" width=\"768\" height=\"1024\" src=\"https:\/\/lademeuredothe.family\/wp-content\/uploads\/2025\/03\/Photo-salle-de-douche-chambre-masque-de-face-768x1024.jpg\" alt=\"\" class=\"wp-image-2812\" srcset=\"https:\/\/lademeuredothe.family\/wp-content\/uploads\/2025\/03\/Photo-salle-de-douche-chambre-masque-de-face-768x1024.jpg 768w, https:\/\/lademeuredothe.family\/wp-content\/uploads\/2025\/03\/Photo-salle-de-douche-chambre-masque-de-face-225x300.jpg 225w, https:\/\/lademeuredothe.family\/wp-content\/uploads\/2025\/03\/Photo-salle-de-douche-chambre-masque-de-face-1152x1536.jpg 1152w, https:\/\/lademeuredothe.family\/wp-content\/uploads\/2025\/03\/Photo-salle-de-douche-chambre-masque-de-face-1536x2048.jpg 1536w, https:\/\/lademeuredothe.family\/wp-content\/uploads\/2025\/03\/Photo-salle-de-douche-chambre-masque-de-face-892x1189.jpg 892w, https:\/\/lademeuredothe.family\/wp-content\/uploads\/2025\/03\/Photo-salle-de-douche-chambre-masque-de-face-scaled.jpg 1920w\" sizes=\"auto, (max-width: 768px) 100vw, 768px\" \/><figcaption class=\"wp-element-caption\">L&rsquo;entr\u00e9e de la salle de bains<\/figcaption><\/figure>\n<\/div>\n<\/div>\n\n\n\n<p><\/p>\n\n\n<div class=\"wp-block-image\">\n<figure class=\"aligncenter size-medium\"><img loading=\"lazy\" decoding=\"async\" width=\"300\" height=\"225\" src=\"https:\/\/lademeuredothe.family\/wp-content\/uploads\/2023\/03\/230324-PS-Arbres-en-fleur-avec-eglise-en-fond-1-300x225.jpg\" alt=\"\" class=\"wp-image-1607\" srcset=\"https:\/\/lademeuredothe.family\/wp-content\/uploads\/2023\/03\/230324-PS-Arbres-en-fleur-avec-eglise-en-fond-1-300x225.jpg 300w, https:\/\/lademeuredothe.family\/wp-content\/uploads\/2023\/03\/230324-PS-Arbres-en-fleur-avec-eglise-en-fond-1-1024x768.jpg 1024w, https:\/\/lademeuredothe.family\/wp-content\/uploads\/2023\/03\/230324-PS-Arbres-en-fleur-avec-eglise-en-fond-1-768x576.jpg 768w, https:\/\/lademeuredothe.family\/wp-content\/uploads\/2023\/03\/230324-PS-Arbres-en-fleur-avec-eglise-en-fond-1-1536x1152.jpg 1536w, https:\/\/lademeuredothe.family\/wp-content\/uploads\/2023\/03\/230324-PS-Arbres-en-fleur-avec-eglise-en-fond-1-892x669.jpg 892w, https:\/\/lademeuredothe.family\/wp-content\/uploads\/2023\/03\/230324-PS-Arbres-en-fleur-avec-eglise-en-fond-1.jpg 2016w\" sizes=\"auto, (max-width: 300px) 100vw, 300px\" \/><figcaption class=\"wp-element-caption\">Vue depuis la chambre Masque<\/figcaption><\/figure>\n<\/div>\n\n\n<p>Ses lits jumeaux, qui peuvent \u00eatre assembl\u00e9s pour faire un lit de 180 cm, en font une chambre id\u00e9ale pour un couple ou des ami(e)s.<\/p>\n\n\n\n<p>Vous souhaitez r\u00e9server cette chambre, v\u00e9rifiez les disponibilit\u00e9s et r\u00e9servez via la plateforme s\u00e9curis\u00e9e Elloha :<\/p>\n\n\n\n<div id=\"ConstellationCalendarContainer3ffa3d75-50e3-40a7-a311-77075545543b\" style=\"width:100%; text-align:center;\" title=\"La Demeure d&#39;Othe\" data-id-projet='3ffa3d7550e340a7a31177075545543b'>Chargement en cours&#8230;<\/div> <script type=\"text\/javascript\" src=\"https:\/\/reservation.elloha.com\/Scripts\/widget-loader.min.js?v=42\"><\/script> <script type=\"text\/javascript\">var constellationWidgetUrl3ffa3d7550e340a7a31177075545543b, constellationTypeModule3ffa3d7550e340a7a31177075545543b; constellationWidgetUrl3ffa3d7550e340a7a31177075545543b = 'https:\/\/reservation.elloha.com\/Widget\/BookingCalendar\/3ffa3d75-50e3-40a7-a311-77075545543b?idoi=ec19e3b5-df51-4622-834d-c862f11484af'; constellationTypeModule3ffa3d7550e340a7a31177075545543b=2; constellationBookingCalendarLoad('ConstellationCalendarContainer3ffa3d75-50e3-40a7-a311-77075545543b'); constellationWidgetAddEvent(window, \"resize\", function () { constellationWidgetSetAppearance('ConstellationCalendarContainer3ffa3d75-50e3-40a7-a311-77075545543b'); });<\/script>\n\n\n\n<div id=\"ConstellationWidgetContainer1e9f49bd-3605-4802-885e-0928b36271fb\" style=\"width:100%\" title=\"La Demeure d&#39;Othe\" data-id-projet='1e9f49bd36054802885e0928b36271fb'>Chargement en cours&#8230;<\/div> <script type=\"text\/javascript\" src=\"https:\/\/reservation.elloha.com\/Scripts\/widget-loader.min.js?v=42\"><\/script> <script type=\"text\/javascript\">var constellationWidgetUrl1e9f49bd36054802885e0928b36271fb, constellationTypeModule1e9f49bd36054802885e0928b36271fb; constellationWidgetUrl1e9f49bd36054802885e0928b36271fb = 'https:\/\/reservation.elloha.com\/Widget\/BookingEngine\/1e9f49bd-3605-4802-885e-0928b36271fb?idoi=ec19e3b5-df51-4622-834d-c862f11484af&culture=fr-FR'; constellationTypeModule1e9f49bd36054802885e0928b36271fb=1; constellationWidgetLoad('ConstellationWidgetContainer1e9f49bd-3605-4802-885e-0928b36271fb'); constellationWidgetAddEvent(window, \"resize\", function () { constellationWidgetSetAppearance('ConstellationWidgetContainer1e9f49bd-3605-4802-885e-0928b36271fb'); });<\/script>\n","protected":false},"excerpt":{"rendered":"<p>Cette grande chambre avec des lits jumeaux, situ\u00e9e au premier \u00e9tage, donne sur le jardin de la cour int\u00e9rieure : Ses lits jumeaux, qui peuvent \u00eatre assembl\u00e9s pour faire un lit de 180 cm, en font une chambre id\u00e9ale pour un couple ou des ami(e)s. Vous souhaitez r\u00e9server cette chambre, v\u00e9rifiez les disponibilit\u00e9s et r\u00e9servez [&hellip;]<\/p>\n","protected":false},"author":1,"featured_media":0,"parent":0,"menu_order":0,"comment_status":"closed","ping_status":"closed","template":"","meta":{"footnotes":""},"class_list":["post-1709","page","type-page","status-publish","hentry"],"_links":{"self":[{"href":"https:\/\/lademeuredothe.family\/index.php\/wp-json\/wp\/v2\/pages\/1709","targetHints":{"allow":["GET"]}}],"collection":[{"href":"https:\/\/lademeuredothe.family\/index.php\/wp-json\/wp\/v2\/pages"}],"about":[{"href":"https:\/\/lademeuredothe.family\/index.php\/wp-json\/wp\/v2\/types\/page"}],"author":[{"embeddable":true,"href":"https:\/\/lademeuredothe.family\/index.php\/wp-json\/wp\/v2\/users\/1"}],"replies":[{"embeddable":true,"href":"https:\/\/lademeuredothe.family\/index.php\/wp-json\/wp\/v2\/comments?post=1709"}],"version-history":[{"count":11,"href":"https:\/\/lademeuredothe.family\/index.php\/wp-json\/wp\/v2\/pages\/1709\/revisions"}],"predecessor-version":[{"id":2939,"href":"https:\/\/lademeuredothe.family\/index.php\/wp-json\/wp\/v2\/pages\/1709\/revisions\/2939"}],"wp:attachment":[{"href":"https:\/\/lademeuredothe.family\/index.php\/wp-json\/wp\/v2\/media?parent=1709"}],"curies":[{"name":"wp","href":"https:\/\/api.w.org\/{rel}","templated":true}]}}