{"id":1093,"date":"2023-02-10T11:58:46","date_gmt":"2023-02-10T10:58:46","guid":{"rendered":"http:\/\/lademeuredothe.family\/?page_id=1093"},"modified":"2024-03-21T11:37:49","modified_gmt":"2024-03-21T10:37:49","slug":"le-pays-la-foret-dothe","status":"publish","type":"page","link":"https:\/\/lademeuredothe.family\/index.php\/autour-de-la-demeure-dothe\/le-pays-la-foret-dothe\/","title":{"rendered":"Le pays, la for\u00eat d&rsquo;Othe"},"content":{"rendered":"\n<p>Vallons vert belles vall\u00e9es couvertes de champs de bl\u00e9, de ma\u00efs, de colza et de tournesols, \u00e9tangs, for\u00eats profondes de ch\u00eanes et de h\u00eatres sur les hauteurs&#8230; Le pays d&rsquo;Othe est un pays champ\u00eatre et tranquille, piquet\u00e9 de fermes isol\u00e9es typiques, d&rsquo;\u00e9glises charmantes et d&rsquo;\u00e9tangs, au charme tout rural&#8230; <\/p>\n\n\n<div class=\"wp-block-image\">\n<figure class=\"aligncenter size-full is-resized\"><img loading=\"lazy\" decoding=\"async\" width=\"870\" height=\"489\" src=\"https:\/\/lademeuredothe.family\/wp-content\/uploads\/2023\/02\/230210-LA-plaine-du-Florentinois-870x489_pays_dothe.jpg\" alt=\"\" class=\"wp-image-1187\" style=\"width:550px\" srcset=\"https:\/\/lademeuredothe.family\/wp-content\/uploads\/2023\/02\/230210-LA-plaine-du-Florentinois-870x489_pays_dothe.jpg 870w, https:\/\/lademeuredothe.family\/wp-content\/uploads\/2023\/02\/230210-LA-plaine-du-Florentinois-870x489_pays_dothe-300x169.jpg 300w, https:\/\/lademeuredothe.family\/wp-content\/uploads\/2023\/02\/230210-LA-plaine-du-Florentinois-870x489_pays_dothe-768x432.jpg 768w\" sizes=\"auto, (max-width: 870px) 100vw, 870px\" \/><\/figure>\n<\/div>\n\n\n<p><\/p>\n\n\n\n<p>S&rsquo;\u00e9tendant dans le carr\u00e9 constitu\u00e9 de Joigny Troyes Tonnerre et Auxerre, le Pays d&rsquo;Othe est aussi une r\u00e9gion o\u00f9 le fromage, les pommes et le cidre sont rois et reines. Par exemple la plaine du Florentinois, les alentours d&rsquo;Aix en Othe, de Chaource, d\u00e9ploient for\u00eats, champs, pommiers et p\u00e2turages o\u00f9 paissent les vaches laiti\u00e8res qui donnent les d\u00e9licieux fromages le <a href=\"https:\/\/www.tourisme-en-france.com\/fr\/poi\/18079\/saint-florentin\">Saint-Florentin<\/a>, le Soumaintrain, le Chaource&#8230; sans oublier les escargots.<\/p>\n\n\n\n<p>Cette diversit\u00e9 des paysages vous permettra de :<\/p>\n\n\n\n<ul class=\"wp-block-list\">\n<li>visiter de multiples lieux et de sujets de promenade autour de Sormery, de Turny, d&rsquo;Aix en Othe, d&rsquo;Ervy le Chatel,&#8230;<\/li>\n\n\n\n<li>faire des randonn\u00e9es p\u00e9destres ou des promenades en v\u00e9lo, voir VTT<\/li>\n\n\n\n<li>d\u00e9couvrir, d\u00e9guster de nombreux produits locaux (cornichon de Chemilly-sur-Yonne, haricot-chair de Ch\u00e9u, les huiles de table de Brienon\/Arman\u00e7on&#8230;).<\/li>\n<\/ul>\n\n\n\n<p><\/p>\n\n\n\n<div class=\"wp-block-columns is-layout-flex wp-container-core-columns-is-layout-9d6595d7 wp-block-columns-is-layout-flex\">\n<div class=\"wp-block-column is-layout-flow wp-block-column-is-layout-flow\">\n<figure class=\"wp-block-image size-large\"><img loading=\"lazy\" decoding=\"async\" width=\"1024\" height=\"685\" src=\"https:\/\/lademeuredothe.family\/wp-content\/uploads\/2023\/02\/Aix_en_Othe_Baltard-1-1024x685.jpg\" alt=\"\" class=\"wp-image-1145\" srcset=\"https:\/\/lademeuredothe.family\/wp-content\/uploads\/2023\/02\/Aix_en_Othe_Baltard-1-1024x685.jpg 1024w, https:\/\/lademeuredothe.family\/wp-content\/uploads\/2023\/02\/Aix_en_Othe_Baltard-1-300x201.jpg 300w, https:\/\/lademeuredothe.family\/wp-content\/uploads\/2023\/02\/Aix_en_Othe_Baltard-1-768x514.jpg 768w, https:\/\/lademeuredothe.family\/wp-content\/uploads\/2023\/02\/Aix_en_Othe_Baltard-1-1536x1028.jpg 1536w, https:\/\/lademeuredothe.family\/wp-content\/uploads\/2023\/02\/Aix_en_Othe_Baltard-1-2048x1371.jpg 2048w, https:\/\/lademeuredothe.family\/wp-content\/uploads\/2023\/02\/Aix_en_Othe_Baltard-1-892x597.jpg 892w, https:\/\/lademeuredothe.family\/wp-content\/uploads\/2023\/02\/Aix_en_Othe_Baltard-1-150x100.jpg 150w\" sizes=\"auto, (max-width: 1024px) 100vw, 1024px\" \/><\/figure>\n<\/div>\n\n\n\n<div class=\"wp-block-column is-layout-flow wp-block-column-is-layout-flow\">\n<figure class=\"wp-block-image size-full\"><img loading=\"lazy\" decoding=\"async\" width=\"259\" height=\"194\" src=\"https:\/\/lademeuredothe.family\/wp-content\/uploads\/2023\/02\/Ervy-le-Chatel.jpg\" alt=\"\" class=\"wp-image-1146\"\/><\/figure>\n<\/div>\n\n\n\n<div class=\"wp-block-column is-layout-flow wp-block-column-is-layout-flow\">\n<figure class=\"wp-block-image size-full\"><img loading=\"lazy\" decoding=\"async\" width=\"293\" height=\"172\" src=\"https:\/\/lademeuredothe.family\/wp-content\/uploads\/2023\/02\/Chaource-mise-au-tombeau-index.jpg\" alt=\"\" class=\"wp-image-1147\"\/><\/figure>\n<\/div>\n<\/div>\n\n\n\n<div class=\"wp-block-columns is-layout-flex wp-container-core-columns-is-layout-9d6595d7 wp-block-columns-is-layout-flex\">\n<div class=\"wp-block-column is-layout-flow wp-block-column-is-layout-flow\"><div class=\"wp-block-image\">\n<figure class=\"aligncenter size-large is-resized\"><img loading=\"lazy\" decoding=\"async\" width=\"1024\" height=\"768\" src=\"https:\/\/lademeuredothe.family\/wp-content\/uploads\/2023\/05\/230428-MV-Base-VTT-Vosnon-1024x768.jpg\" alt=\"\" class=\"wp-image-1777\" style=\"width:289px;height:auto\" srcset=\"https:\/\/lademeuredothe.family\/wp-content\/uploads\/2023\/05\/230428-MV-Base-VTT-Vosnon-1024x768.jpg 1024w, https:\/\/lademeuredothe.family\/wp-content\/uploads\/2023\/05\/230428-MV-Base-VTT-Vosnon-300x225.jpg 300w, https:\/\/lademeuredothe.family\/wp-content\/uploads\/2023\/05\/230428-MV-Base-VTT-Vosnon-768x576.jpg 768w, https:\/\/lademeuredothe.family\/wp-content\/uploads\/2023\/05\/230428-MV-Base-VTT-Vosnon-1536x1152.jpg 1536w, https:\/\/lademeuredothe.family\/wp-content\/uploads\/2023\/05\/230428-MV-Base-VTT-Vosnon-892x669.jpg 892w, https:\/\/lademeuredothe.family\/wp-content\/uploads\/2023\/05\/230428-MV-Base-VTT-Vosnon.jpg 2000w\" sizes=\"auto, (max-width: 1024px) 100vw, 1024px\" \/><\/figure>\n<\/div><\/div>\n\n\n\n<div class=\"wp-block-column is-layout-flow wp-block-column-is-layout-flow\">\n<figure class=\"wp-block-image size-large\"><img loading=\"lazy\" decoding=\"async\" width=\"1024\" height=\"428\" src=\"https:\/\/lademeuredothe.family\/wp-content\/uploads\/2024\/03\/240321-Office-de-Tourisme-Decouverte-des-produits-1024x428.png\" alt=\"\" class=\"wp-image-2392\" srcset=\"https:\/\/lademeuredothe.family\/wp-content\/uploads\/2024\/03\/240321-Office-de-Tourisme-Decouverte-des-produits-1024x428.png 1024w, https:\/\/lademeuredothe.family\/wp-content\/uploads\/2024\/03\/240321-Office-de-Tourisme-Decouverte-des-produits-300x125.png 300w, https:\/\/lademeuredothe.family\/wp-content\/uploads\/2024\/03\/240321-Office-de-Tourisme-Decouverte-des-produits-768x321.png 768w, https:\/\/lademeuredothe.family\/wp-content\/uploads\/2024\/03\/240321-Office-de-Tourisme-Decouverte-des-produits-1536x642.png 1536w, https:\/\/lademeuredothe.family\/wp-content\/uploads\/2024\/03\/240321-Office-de-Tourisme-Decouverte-des-produits-892x373.png 892w, https:\/\/lademeuredothe.family\/wp-content\/uploads\/2024\/03\/240321-Office-de-Tourisme-Decouverte-des-produits.png 1568w\" sizes=\"auto, (max-width: 1024px) 100vw, 1024px\" \/><\/figure>\n<\/div>\n<\/div>\n","protected":false},"excerpt":{"rendered":"<p>Vallons vert belles vall\u00e9es couvertes de champs de bl\u00e9, de ma\u00efs, de colza et de tournesols, \u00e9tangs, for\u00eats profondes de ch\u00eanes et de h\u00eatres sur les hauteurs&#8230; Le pays d&rsquo;Othe est un pays champ\u00eatre et tranquille, piquet\u00e9 de fermes isol\u00e9es typiques, d&rsquo;\u00e9glises charmantes et d&rsquo;\u00e9tangs, au charme tout rural&#8230; S&rsquo;\u00e9tendant dans le carr\u00e9 constitu\u00e9 de [&hellip;]<\/p>\n","protected":false},"author":1,"featured_media":0,"parent":942,"menu_order":3,"comment_status":"closed","ping_status":"closed","template":"","meta":{"footnotes":""},"class_list":["post-1093","page","type-page","status-publish","hentry"],"_links":{"self":[{"href":"https:\/\/lademeuredothe.family\/index.php\/wp-json\/wp\/v2\/pages\/1093","targetHints":{"allow":["GET"]}}],"collection":[{"href":"https:\/\/lademeuredothe.family\/index.php\/wp-json\/wp\/v2\/pages"}],"about":[{"href":"https:\/\/lademeuredothe.family\/index.php\/wp-json\/wp\/v2\/types\/page"}],"author":[{"embeddable":true,"href":"https:\/\/lademeuredothe.family\/index.php\/wp-json\/wp\/v2\/users\/1"}],"replies":[{"embeddable":true,"href":"https:\/\/lademeuredothe.family\/index.php\/wp-json\/wp\/v2\/comments?post=1093"}],"version-history":[{"count":8,"href":"https:\/\/lademeuredothe.family\/index.php\/wp-json\/wp\/v2\/pages\/1093\/revisions"}],"predecessor-version":[{"id":2394,"href":"https:\/\/lademeuredothe.family\/index.php\/wp-json\/wp\/v2\/pages\/1093\/revisions\/2394"}],"up":[{"embeddable":true,"href":"https:\/\/lademeuredothe.family\/index.php\/wp-json\/wp\/v2\/pages\/942"}],"wp:attachment":[{"href":"https:\/\/lademeuredothe.family\/index.php\/wp-json\/wp\/v2\/media?parent=1093"}],"curies":[{"name":"wp","href":"https:\/\/api.w.org\/{rel}","templated":true}]}}